{"id":1146,"date":"2024-01-07T22:31:54","date_gmt":"2024-01-07T22:31:54","guid":{"rendered":"https:\/\/beta.office-tech.info\/?page_id=1146"},"modified":"2025-02-14T14:22:15","modified_gmt":"2025-02-14T14:22:15","slug":"impressum","status":"publish","type":"page","link":"https:\/\/beta.office-tech.info\/?page_id=1146","title":{"rendered":"Impressum"},"content":{"rendered":"\n<h2 class=\"wp-block-heading\">Impressum<\/h2>\n\n\n\n<figure class=\"wp-block-table\"><table class=\"has-fixed-layout\"><tbody><tr><td><\/td><td><strong>Office-Tech Systemhaus GmbH<\/strong><\/td><\/tr><tr><td><strong>Firmenanschrift:<\/strong><\/td><td>Ulmenallee 6a<\/td><\/tr><tr><td><\/td><td>31275 Lehrte<\/td><\/tr><tr><td><\/td><td><\/td><\/tr><tr><td><\/td><td><strong>Office-Tech Systemhaus GmbH<\/strong><\/td><\/tr><tr><td><strong><strong>Standort B\u00fcro:<\/strong><\/strong><\/td><td>Everner Stra\u00dfe 36a<\/td><\/tr><tr><td><\/td><td>31275 Lehrte<\/td><\/tr><tr><td><\/td><td><\/td><\/tr><tr><td><strong>Telefon:<\/strong><\/td><td>+49 (0) 5132 \u2013 873 66 66<\/td><\/tr><tr><td><strong>E-Mail:<\/strong><\/td><td><a href=\"mailto:info@office-tech.info\">info@office-tech.info<\/a><\/td><\/tr><tr><td><strong>Vertretungsberechtigte Gesch\u00e4ftsf\u00fchrer:<\/strong><\/td><td>Martin Drie\u00dflein<\/td><\/tr><tr><td><strong>Umsatzsteuer-Identifikationsnummer<\/strong>:<\/td><td>DE359789415<\/td><\/tr><tr><td><strong>Handelsregister:<\/strong><\/td><td>HRB 208619 (Amtsgericht Hildesheim)<\/td><\/tr><tr><td><strong>Steuernummer:<\/strong><\/td><td>16\/205\/64189<\/td><\/tr><\/tbody><\/table><\/figure>\n\n\n\n<p><strong>Kontodaten:<\/strong><\/p>\n\n\n\n<p><strong>IBAN:<\/strong> DE96 2505 0180 0910 5345 60<\/p>\n\n\n\n<p><strong>BIC-\/SWIFT-Code:<\/strong> SPKHDE2HXXX<\/p>\n\n\n\n<p><\/p>\n","protected":false},"excerpt":{"rendered":"<p>Impressum Office-Tech Systemhaus GmbH Firmenanschrift: Ulmenallee 6a 31275 Lehrte Office-Tech Systemhaus GmbH Standort B\u00fcro: Everner Stra\u00dfe 36a 31275 Lehrte Telefon: +49 (0) 5132 \u2013 873 66 66 E-Mail: info@office-tech.info Vertretungsberechtigte Gesch\u00e4ftsf\u00fchrer: Martin Drie\u00dflein Umsatzsteuer-Identifikationsnummer: DE359789415 Handelsregister: HRB 208619 (Amtsgericht Hildesheim) Steuernummer: 16\/205\/64189 Kontodaten: IBAN: DE96 2505 0180 0910 5345 60 BIC-\/SWIFT-Code: SPKHDE2HXXX<\/p>\n","protected":false},"author":1,"featured_media":0,"parent":0,"menu_order":0,"comment_status":"closed","ping_status":"closed","template":"","meta":{"footnotes":""},"class_list":["post-1146","page","type-page","status-publish","hentry"],"_links":{"self":[{"href":"https:\/\/beta.office-tech.info\/index.php?rest_route=\/wp\/v2\/pages\/1146","targetHints":{"allow":["GET"]}}],"collection":[{"href":"https:\/\/beta.office-tech.info\/index.php?rest_route=\/wp\/v2\/pages"}],"about":[{"href":"https:\/\/beta.office-tech.info\/index.php?rest_route=\/wp\/v2\/types\/page"}],"author":[{"embeddable":true,"href":"https:\/\/beta.office-tech.info\/index.php?rest_route=\/wp\/v2\/users\/1"}],"replies":[{"embeddable":true,"href":"https:\/\/beta.office-tech.info\/index.php?rest_route=%2Fwp%2Fv2%2Fcomments&post=1146"}],"version-history":[{"count":6,"href":"https:\/\/beta.office-tech.info\/index.php?rest_route=\/wp\/v2\/pages\/1146\/revisions"}],"predecessor-version":[{"id":1563,"href":"https:\/\/beta.office-tech.info\/index.php?rest_route=\/wp\/v2\/pages\/1146\/revisions\/1563"}],"wp:attachment":[{"href":"https:\/\/beta.office-tech.info\/index.php?rest_route=%2Fwp%2Fv2%2Fmedia&parent=1146"}],"curies":[{"name":"wp","href":"https:\/\/api.w.org\/{rel}","templated":true}]}}